en o is divided by i?
15
Let l(m) be the second derivative of -m**5/20 - 7*m**4/6 - 2*m**3 + 9*m**2 - 4*m. Calculate the remainder when 17 is divided by l(-13).
2
Suppose d - 3*o = 6 - 2, 0 = 2*d - o - 23. Suppose d = k - 25. Calculate the remainder when k is divided by 1/((-8)/10)*-8.
8
Suppose -7*w = -2*w + 4*y - 107, 4*w - 2*y = 70. Calculate the remainder when w is divided by 7.
5
Suppose -m + 31 - 3 = 0. Let n(j) = j**3 + 6*j**2 + 4. Let q be n(-4). Suppose 0 = -5*i + q + 14. What is the remainder when m is divided by i?
8
Suppose 1 = -2*l + 3*q, 4*q - 38 = -4*l + 2*q. Let a(b) = -b**3 + 7*b**2 + 2*b - 8. What is the remainder when a(3) is divided by l?
6
Suppose -9 = 2*t - 5*n + 12, 0 = -5*t + 4*n - 10. Suppose 0*g - t*g = -44. Calculate the remainder when 64 is divided by g.
20
Let k(h) = -h**3 + 12*h**2 - 9*h - 5. Let z = 32 + 18. What is the remainder when z is divided by k(11)?
16
Let k = 0 - -4. Let m be 105/(-28)*k/1. Calculate the remainder when 37 is divided by 3/(-6)*4 - m.
11
Let q(o) = -o**3 - 11*o**2 - 3*o - 16. Calculate the remainder when q(-11) is divided by 6.
5
Suppose 3*d + 19 = 3*u + d, -3*d - 12 = u. Suppose h + 4*h + 33 = 2*p, u*p - 4*h = 32. Suppose -y = -3*y + p. What is the remainder when 4 is divided by y?
0
Suppose i - 5 = 0, -i = -3*q + 113 - 16. Suppose 9 = -3*g + 5*h, 4*g - 5*h = -3*h - 12. Let o = 15 + g. What is the remainder when q is divided by o?
10
Let t(p) = -3*p**3 - p**2 + 4*p + 2. What is the remainder when t(-3) is divided by 65/3 - 4/6?
20
Let t = 7 - 5. Suppose 2*a = 20 + t. What is the remainder when 21 is divided by a?
10
Let y(l) = 27*l**2 + l - 1. Let k(n) = -n + 7. Calculate the remainder when y(1) is divided by k(0).
6
Let m(n) = -n**3 - 6*n**2 - 5*n - 4. Let p(o) = 8*o**2 + 2*o - 1. Let i = 3 + -2. Calculate the remainder when m(-6) is divided by p(i).
8
Suppose 4*c - 3 = l, 0 = 4*c - l + 6*l - 33. Suppose 0*t = -4*t, 50 = c*f - t. Calculate the remainder when 73 is divided by f.
23
Let c(m) = -3*m**3 + m**2 - m + 2. Let v be c(2). Calculate the remainder when 27 is divided by v/2*(-3)/2.
12
Let v = -23 - -27. Calculate the remainder when 14 is divided by v.
2
Suppose -4*c - 11 = -31. Suppose 0 = 2*q - 91 + 1. What is the remainder when q/3 - (-4)/(-2) is divided by c?
3
Let x(v) = v + 3. Let d be x(-3). Suppose -h + w = -5, 5*w + 2 - 1 = -h. Calculate the remainder when h is divided by 2 + d + 1 - 1.
0
What is the remainder when (1/2)/((-2)/(-60)) is divided by 9?
6
Suppose 0*s + s = 4*f + 2, -3*s - f - 46 = 0. Let n be (s/3)/(2/(-3)). Calculate the remainder when 26 is divided by n + 6/(-2 + 5).
8
Let d(q) = 3*q - 5. Calculate the remainder when d(8) is divided by -1 + 1 + 1 + 4.
4
Let t = 5 - 2. Suppose 0 = -4*n - 20, -t*l + 3*n - 8 = -59. Let v(k) = k**2 - k + 2. Calculate the remainder when v(5) is divided by l.
10
What is the remainder when 24 is divided by 3/4 + (-1235)/(-76)?
7
Suppose 4*y - 46 - 14 = 0. Let w = -105 + 163. What is the remainder when w is divided by y?
13
Let a be 0*(20/8)/5. Suppose -4*g - 47 = 5*n - 184, a = -4*g + n + 131. What is the remainder when g is divided by 12?
9
Let x(r) = -r**3 - 10*r**2 + 6*r - 16. Calculate the remainder when x(-11) is divided by 14.
11
Let z(a) = a**3 - 7*a**2 + 4*a - 2. Let f be z(6). What is the remainder when 20 is divided by 66/4*f/(-21)?
9
Let d = -8 - -56. Let q = -27 + d. What is the remainder when q is divided by 11?
10
Let f = 53 + -33. Suppose -i + 57 = -4*i. Let y = i - -30. Calculate the remainder when f is divided by y.
9
Suppose 0 = -10*a + 5*a + 100. Calculate the remainder when 39 is divided by a.
19
Suppose 5*m - 6 = 4*d + 9, 3*m = 3*d + 6. Let r(c) = -c**3 + 6*c**2 + 8*c + 6. Calculate the remainder when r(m) is divided by 4.
1
Let a = -11 + 27. What is the remainder when 29 is divided by a?
13
Suppose -6*n - 105 = -5*h - n, -2*n = 2*h - 62. Let u = -42 + h. Calculate the remainder when ((-3)/((-3)/u))/(-1) is divided by 6.
4
Suppose 4*j - 12 = 2*z, -4*z - 4 = -j - 8. What is the remainder when 18 is divided by j?
2
Let l = 9 + -6. Suppose 5*x - 4 = -s + 2, -l*x = 5*s - 140. What is the remainder when s is divided by 11?
9
Suppose 4 = -3*t - 3*y + 52, 2*y + 25 = t. Suppose -26*o + 15*o + 407 = 0. What is the remainder when o is divided by t?
18
Suppose 3*o + 2*i = 10, 0*o = -5*o - 3*i + 15. Suppose 17 = 2*f - o*f + k, -5*k + 55 = 5*f. Let y = 8 - -9. What is the remainder when y is divided by f?
5
Let q(s) = s**2 + 5. Suppose 45*v - 42*v - 64 = -4*m, -3*v + 12 = 0. Calculate the remainder when m is divided by q(0).
3
What is the remainder when 25 is divided by ((-28)/(-5))/(14/35)?
11
Let n = -23 - -54. Suppose -5*z - 5*b = -240, b = -b + 4. Suppose -m - z = -3*x, 0 = 5*x + 3*m - 0*m - 86. Calculate the remainder when n is divided by x.
15
Suppose 4*m - 3*a - 83 = 3*m, -4*a = 5*m - 396. What is the remainder when m is divided by 28?
24
Suppose u = -3*u + 4. Let z = u + -1. Suppose z = -q - 2, 10 = 4*s - 3*s + 3*q. Calculate the remainder when 47 is divided by s.
15
Suppose -4*t + 5*h + 0*h = 1820, -2*h = -t - 452. Let j = 73 + -29. Calculate the remainder when j is divided by (1/4)/((-5)/t).
21
Suppose -12 = 3*s - 51. Let k = 3 + 2. What is the remainder when s is divided by k?
3
Suppose -2*b - 16 = -4*r, r = -b - b - 1. What is the remainder when 17 is divided by (b/(-5))/((-1)/(-15))?
5
Suppose 16 = -t + 5*d, -3*t - 4*d + 0*d = -28. Suppose 76 + 4 = t*r. Calculate the remainder when 59 is divided by r.
19
Let y = 39 + -14. What is the remainder when y is divided by 14?
11
Let r = -7 + -1. Let y = 4 + r. Calculate the remainder when 24 is divided by ((-26)/y - 0)*2.
11
Suppose -2*c - 29 + 77 = 0. Calculate the remainder when 71 is divided by c.
23
Let i be 30 - 2/((-4)/(-2)). Let o = i + -16. Suppose 74 = -h + 3*h. Calculate the remainder when h is divided by o.
11
Calculate the remainder when 272 is divided by ((4/(-12))/(-1))/(1/165).
52
Suppose 37 - 1 = 4*t. Calculate the remainder when 17 is divided by t.
8
Let u be 93/12 - 1/(-4). Let s(c) = -c. Let z(r) = 5*r + 11. Let p(y) = 6*s(y) + z(y). What is the remainder when p(u) is divided by 2?
1
Let r(n) = -n**2 + 10*n - 2. Let d = -3 - -6. What is the remainder when r(9) is divided by d?
1
Suppose r = 2*p + 27, -5*p - 114 = -3*r - r. Calculate the remainder when r is divided by 14.
3
Let a = 279 - 161. What is the remainder when a is divided by 62?
56
Let g(h) = -h. Calculate the remainder when 6 is divided by g(-4).
2
Suppose 9 + 75 = -2*l. Calculate the remainder when 22 is divided by 0/(-1) - l/7.
4
Suppose 0 = -13*s + 183 - 27. What is the remainder when 39 is divided by s?
3
Let s = 79 - 43. Calculate the remainder when 105 is divided by s.
33
Suppose -p - 304 = -9*p. Calculate the remainder when p is divided by 13.
12
Suppose -f - 2*f = -5*w + 95, 2*w + 5*f - 69 = 0. Calculate the remainder when 83 is divided by w.
17
Let h = 28 - 9. Let d = -70 + 126. What is the remainder when d is divided by h?
18
Let b = -14 - -22. Suppose 11*u = b*u + 66. Calculate the remainder when 63 is divided by u.
19
Suppose 0 = -2*r - 4 + 58. Suppose 2*p + 9 = r. What is the remainder when 14 is divided by p?
5
Let z(j) = 5*j - 4. Suppose -4*k = k. Suppose 0*m - 5*m + 20 = k. Calculate the remainder when 30 is divided by z(m).
14
What is the remainder when 41 is divided by 132/(-8)*(-8)/12?
8
Let h = 11 - 4. Suppose -5*v - 4 + 59 = 0. What is the remainder when v is divided by h?
4
Suppose 6*d = 3*d + 9. Suppose 2*v - 10 = v. Calculate the remainder when v is divided by d.
1
Suppose -56 = -5*p + 69. Calculate the remainder when p is divided by ((-14)/(-4))/(3/6).
4
Suppose -1 = -2*c + 3. Let a(b) = 2*b**2 + 2*b + 1. Calculate the remainder when 51 is divided by a(c).
12
Suppose 5*w - 2*i + 87 = -12, -2*w = -i + 39. Let q = w + 43. What is the remainder when 41 is divided by q?
19
Let t(u) be the third derivative of u**6/60 + u**5/60 - u**4/12 + u**3/3 + 5*u**2. Calculate the remainder when 310/6 - (-3)/9 is divided by t(2).
16
Let v(t) = -t + 2. Let m be v(1). Suppose m - 31 = -3*c. Let s(a) = 5*a**2 - 2*a + 3. What is the remainder when s(2) is divided by c?
9
Suppose -2*s = s - 4*o, -s + 4*o = 8. Suppose -4*g = -g - 174. Suppose -g = -5*r + 17. Calculate the remainder wh